{"id":20186,"date":"2022-11-21T12:12:53","date_gmt":"2022-11-21T11:12:53","guid":{"rendered":"https:\/\/perihelio.es\/?post_type=colaboraciones&#038;p=20186"},"modified":"2022-12-22T11:32:16","modified_gmt":"2022-12-22T10:32:16","slug":"cover-of-limbicos-first-album","status":"publish","type":"colaboraciones","link":"https:\/\/perihelio.es\/en\/colaboraciones\/cover-of-limbicos-first-album\/","title":{"rendered":"Cover of Limbico&#8217;s first album &#8211; Limbico"},"content":{"rendered":"<p><a href=\"https:\/\/limbico.bandcamp.com\/releases\">Limbico<\/a> is a musical project founded in 2021 by the Vigo musician Iago Marta. A proposal in which jazz and improvisation play a leading role, and for which he has counted on four other renowned musicians from the city: Macarena Montesinos on cello, Jos\u00e9 Manuel D\u00edaz on double bass, Diego Alonso on saxophone, and H\u00e9ctor Agulla on drums. The line-up is completed by Iago Marta himself, who is in charge of composition and guitar.<\/p>\n<p>For his first album, with the same name, Iago decided to count on Peri for the cover design. The result is this image, in which nature and construction compete in a dreamy atmosphere. In addition, the contrast between organic and geometric shapes, usual in <a href=\"https:\/\/perihelio.es\/en\/\">Peri Helio&#8217;s work<\/a>, alludes to the contrast between composition and improvisation that coexist in this album.<\/p>\n","protected":false},"excerpt":{"rendered":"<p>Limbico is a musical project founded in 2021 by the Vigo musician Iago Marta. A proposal in which jazz and improvisation play a leading role, and for which he has counted on four other renowned musicians from the city: Macarena Montesinos on cello, Jos\u00e9 Manuel D\u00edaz on double bass, Diego Alonso on saxophone, and H\u00e9ctor [&hellip;]<\/p>\n","protected":false},"featured_media":20181,"template":"","meta":{"_acf_changed":false,"footnotes":""},"class_list":["post-20186","colaboraciones","type-colaboraciones","status-publish","has-post-thumbnail","hentry"],"acf":[],"yoast_head":"<!-- This site is optimized with the Yoast SEO plugin v27.1.1 - https:\/\/yoast.com\/product\/yoast-seo-wordpress\/ -->\n<title>Cover of Limbico&#039;s first album - Limbico - Illustration - PERI<\/title>\n<meta name=\"description\" content=\"Cover by Peri Helio for the first album by L\u00edmbico, the personal project that the musician from Vigo Iago Marta launched in 2021.\" \/>\n<meta name=\"robots\" content=\"index, follow, max-snippet:-1, max-image-preview:large, max-video-preview:-1\" \/>\n<link rel=\"canonical\" href=\"https:\/\/perihelio.es\/en\/colaboraciones\/cover-of-limbicos-first-album\/\" \/>\n<meta property=\"og:locale\" content=\"en_US\" \/>\n<meta property=\"og:type\" content=\"article\" \/>\n<meta property=\"og:title\" content=\"Cover of Limbico&#039;s first album - Limbico - Illustration - PERI\" \/>\n<meta property=\"og:description\" content=\"Cover by Peri Helio for the first album by L\u00edmbico, the personal project that the musician from Vigo Iago Marta launched in 2021.\" \/>\n<meta property=\"og:url\" content=\"https:\/\/perihelio.es\/en\/colaboraciones\/cover-of-limbicos-first-album\/\" \/>\n<meta property=\"og:site_name\" content=\"PERI\" \/>\n<meta property=\"article:modified_time\" content=\"2022-12-22T10:32:16+00:00\" \/>\n<meta property=\"og:image\" content=\"https:\/\/perihelio.es\/wp-content\/uploads\/2022\/11\/IMG_20210512_194333_011.jpg\" \/>\n\t<meta property=\"og:image:width\" content=\"1830\" \/>\n\t<meta property=\"og:image:height\" content=\"1830\" \/>\n\t<meta property=\"og:image:type\" content=\"image\/jpeg\" \/>\n<meta name=\"twitter:card\" content=\"summary_large_image\" \/>\n<meta name=\"twitter:label1\" content=\"Est. reading time\" \/>\n\t<meta name=\"twitter:data1\" content=\"1 minute\" \/>\n<script type=\"application\/ld+json\" class=\"yoast-schema-graph\">{\"@context\":\"https:\/\/schema.org\",\"@graph\":[{\"@type\":\"WebPage\",\"@id\":\"https:\/\/perihelio.es\/en\/colaboraciones\/cover-of-limbicos-first-album\/\",\"url\":\"https:\/\/perihelio.es\/en\/colaboraciones\/cover-of-limbicos-first-album\/\",\"name\":\"Cover of Limbico's first album - Limbico - Illustration - PERI\",\"isPartOf\":{\"@id\":\"https:\/\/perihelio.es\/#website\"},\"primaryImageOfPage\":{\"@id\":\"https:\/\/perihelio.es\/en\/colaboraciones\/cover-of-limbicos-first-album\/#primaryimage\"},\"image\":{\"@id\":\"https:\/\/perihelio.es\/en\/colaboraciones\/cover-of-limbicos-first-album\/#primaryimage\"},\"thumbnailUrl\":\"https:\/\/perihelio.es\/wp-content\/uploads\/2022\/11\/IMG_20210512_194333_011.jpg\",\"datePublished\":\"2022-11-21T11:12:53+00:00\",\"dateModified\":\"2022-12-22T10:32:16+00:00\",\"description\":\"Cover by Peri Helio for the first album by L\u00edmbico, the personal project that the musician from Vigo Iago Marta launched in 2021.\",\"breadcrumb\":{\"@id\":\"https:\/\/perihelio.es\/en\/colaboraciones\/cover-of-limbicos-first-album\/#breadcrumb\"},\"inLanguage\":\"en-US\",\"potentialAction\":[{\"@type\":\"ReadAction\",\"target\":[\"https:\/\/perihelio.es\/en\/colaboraciones\/cover-of-limbicos-first-album\/\"]}]},{\"@type\":\"ImageObject\",\"inLanguage\":\"en-US\",\"@id\":\"https:\/\/perihelio.es\/en\/colaboraciones\/cover-of-limbicos-first-album\/#primaryimage\",\"url\":\"https:\/\/perihelio.es\/wp-content\/uploads\/2022\/11\/IMG_20210512_194333_011.jpg\",\"contentUrl\":\"https:\/\/perihelio.es\/wp-content\/uploads\/2022\/11\/IMG_20210512_194333_011.jpg\",\"width\":1830,\"height\":1830},{\"@type\":\"BreadcrumbList\",\"@id\":\"https:\/\/perihelio.es\/en\/colaboraciones\/cover-of-limbicos-first-album\/#breadcrumb\",\"itemListElement\":[{\"@type\":\"ListItem\",\"position\":1,\"name\":\"Portada\",\"item\":\"https:\/\/perihelio.es\/en\/\"},{\"@type\":\"ListItem\",\"position\":2,\"name\":\"Cover of Limbico&#8217;s first album &#8211; Limbico\"}]},{\"@type\":\"WebSite\",\"@id\":\"https:\/\/perihelio.es\/#website\",\"url\":\"https:\/\/perihelio.es\/\",\"name\":\"PERI\",\"description\":\"Ilustraci\u00f3n y Murales en Vigo\",\"publisher\":{\"@id\":\"https:\/\/perihelio.es\/#organization\"},\"potentialAction\":[{\"@type\":\"SearchAction\",\"target\":{\"@type\":\"EntryPoint\",\"urlTemplate\":\"https:\/\/perihelio.es\/?s={search_term_string}\"},\"query-input\":{\"@type\":\"PropertyValueSpecification\",\"valueRequired\":true,\"valueName\":\"search_term_string\"}}],\"inLanguage\":\"en-US\"},{\"@type\":\"Organization\",\"@id\":\"https:\/\/perihelio.es\/#organization\",\"name\":\"PERI\",\"url\":\"https:\/\/perihelio.es\/\",\"logo\":{\"@type\":\"ImageObject\",\"inLanguage\":\"en-US\",\"@id\":\"https:\/\/perihelio.es\/#\/schema\/logo\/image\/\",\"url\":\"https:\/\/perihelio.es\/wp-content\/uploads\/2021\/07\/Logo-firma-Peri.jpg\",\"contentUrl\":\"https:\/\/perihelio.es\/wp-content\/uploads\/2021\/07\/Logo-firma-Peri.jpg\",\"width\":150,\"height\":487,\"caption\":\"PERI\"},\"image\":{\"@id\":\"https:\/\/perihelio.es\/#\/schema\/logo\/image\/\"}}]}<\/script>\n<!-- \/ Yoast SEO plugin. -->","yoast_head_json":{"title":"Cover of Limbico's first album - Limbico - Illustration - PERI","description":"Cover by Peri Helio for the first album by L\u00edmbico, the personal project that the musician from Vigo Iago Marta launched in 2021.","robots":{"index":"index","follow":"follow","max-snippet":"max-snippet:-1","max-image-preview":"max-image-preview:large","max-video-preview":"max-video-preview:-1"},"canonical":"https:\/\/perihelio.es\/en\/colaboraciones\/cover-of-limbicos-first-album\/","og_locale":"en_US","og_type":"article","og_title":"Cover of Limbico's first album - Limbico - Illustration - PERI","og_description":"Cover by Peri Helio for the first album by L\u00edmbico, the personal project that the musician from Vigo Iago Marta launched in 2021.","og_url":"https:\/\/perihelio.es\/en\/colaboraciones\/cover-of-limbicos-first-album\/","og_site_name":"PERI","article_modified_time":"2022-12-22T10:32:16+00:00","og_image":[{"width":1830,"height":1830,"url":"https:\/\/perihelio.es\/wp-content\/uploads\/2022\/11\/IMG_20210512_194333_011.jpg","type":"image\/jpeg"}],"twitter_card":"summary_large_image","twitter_misc":{"Est. reading time":"1 minute"},"schema":{"@context":"https:\/\/schema.org","@graph":[{"@type":"WebPage","@id":"https:\/\/perihelio.es\/en\/colaboraciones\/cover-of-limbicos-first-album\/","url":"https:\/\/perihelio.es\/en\/colaboraciones\/cover-of-limbicos-first-album\/","name":"Cover of Limbico's first album - Limbico - Illustration - PERI","isPartOf":{"@id":"https:\/\/perihelio.es\/#website"},"primaryImageOfPage":{"@id":"https:\/\/perihelio.es\/en\/colaboraciones\/cover-of-limbicos-first-album\/#primaryimage"},"image":{"@id":"https:\/\/perihelio.es\/en\/colaboraciones\/cover-of-limbicos-first-album\/#primaryimage"},"thumbnailUrl":"https:\/\/perihelio.es\/wp-content\/uploads\/2022\/11\/IMG_20210512_194333_011.jpg","datePublished":"2022-11-21T11:12:53+00:00","dateModified":"2022-12-22T10:32:16+00:00","description":"Cover by Peri Helio for the first album by L\u00edmbico, the personal project that the musician from Vigo Iago Marta launched in 2021.","breadcrumb":{"@id":"https:\/\/perihelio.es\/en\/colaboraciones\/cover-of-limbicos-first-album\/#breadcrumb"},"inLanguage":"en-US","potentialAction":[{"@type":"ReadAction","target":["https:\/\/perihelio.es\/en\/colaboraciones\/cover-of-limbicos-first-album\/"]}]},{"@type":"ImageObject","inLanguage":"en-US","@id":"https:\/\/perihelio.es\/en\/colaboraciones\/cover-of-limbicos-first-album\/#primaryimage","url":"https:\/\/perihelio.es\/wp-content\/uploads\/2022\/11\/IMG_20210512_194333_011.jpg","contentUrl":"https:\/\/perihelio.es\/wp-content\/uploads\/2022\/11\/IMG_20210512_194333_011.jpg","width":1830,"height":1830},{"@type":"BreadcrumbList","@id":"https:\/\/perihelio.es\/en\/colaboraciones\/cover-of-limbicos-first-album\/#breadcrumb","itemListElement":[{"@type":"ListItem","position":1,"name":"Portada","item":"https:\/\/perihelio.es\/en\/"},{"@type":"ListItem","position":2,"name":"Cover of Limbico&#8217;s first album &#8211; Limbico"}]},{"@type":"WebSite","@id":"https:\/\/perihelio.es\/#website","url":"https:\/\/perihelio.es\/","name":"PERI","description":"Ilustraci\u00f3n y Murales en Vigo","publisher":{"@id":"https:\/\/perihelio.es\/#organization"},"potentialAction":[{"@type":"SearchAction","target":{"@type":"EntryPoint","urlTemplate":"https:\/\/perihelio.es\/?s={search_term_string}"},"query-input":{"@type":"PropertyValueSpecification","valueRequired":true,"valueName":"search_term_string"}}],"inLanguage":"en-US"},{"@type":"Organization","@id":"https:\/\/perihelio.es\/#organization","name":"PERI","url":"https:\/\/perihelio.es\/","logo":{"@type":"ImageObject","inLanguage":"en-US","@id":"https:\/\/perihelio.es\/#\/schema\/logo\/image\/","url":"https:\/\/perihelio.es\/wp-content\/uploads\/2021\/07\/Logo-firma-Peri.jpg","contentUrl":"https:\/\/perihelio.es\/wp-content\/uploads\/2021\/07\/Logo-firma-Peri.jpg","width":150,"height":487,"caption":"PERI"},"image":{"@id":"https:\/\/perihelio.es\/#\/schema\/logo\/image\/"}}]}},"_links":{"self":[{"href":"https:\/\/perihelio.es\/en\/wp-json\/wp\/v2\/colaboraciones\/20186","targetHints":{"allow":["GET"]}}],"collection":[{"href":"https:\/\/perihelio.es\/en\/wp-json\/wp\/v2\/colaboraciones"}],"about":[{"href":"https:\/\/perihelio.es\/en\/wp-json\/wp\/v2\/types\/colaboraciones"}],"version-history":[{"count":4,"href":"https:\/\/perihelio.es\/en\/wp-json\/wp\/v2\/colaboraciones\/20186\/revisions"}],"predecessor-version":[{"id":20375,"href":"https:\/\/perihelio.es\/en\/wp-json\/wp\/v2\/colaboraciones\/20186\/revisions\/20375"}],"wp:featuredmedia":[{"embeddable":true,"href":"https:\/\/perihelio.es\/en\/wp-json\/wp\/v2\/media\/20181"}],"wp:attachment":[{"href":"https:\/\/perihelio.es\/en\/wp-json\/wp\/v2\/media?parent=20186"}],"curies":[{"name":"wp","href":"https:\/\/api.w.org\/{rel}","templated":true}]}}

<p><a href="https://limbico.bandcamp.com/releases">Limbico</a> is a musical project founded in 2021 by the Vigo musician Iago Marta. A proposal in which jazz and improvisation play a leading role, and for which he has counted on four other renowned musicians from the city: Macarena Montesinos on cello, José Manuel Díaz on double bass, Diego Alonso on saxophone, and Héctor Agulla on drums. The line-up is completed by Iago Marta himself, who is in charge of composition and guitar.</p>
<p>For his first album, with the same name, Iago decided to count on Peri for the cover design. The result is this image, in which nature and construction compete in a dreamy atmosphere. In addition, the contrast between organic and geometric shapes, usual in <a href="https://perihelio.es/en/">Peri Helio&#8217;s work</a>, alludes to the contrast between composition and improvisation that coexist in this album.</p>

<p>Limbico is a musical project founded in 2021 by the Vigo musician Iago Marta. A proposal in which jazz and improvisation play a leading role, and for which he has counted on four other renowned musicians from the city: Macarena Montesinos on cello, José Manuel Díaz on double bass, Diego Alonso on saxophone, and Héctor [&hellip;]</p>

<!-- This site is optimized with the Yoast SEO plugin v27.1.1 - https://yoast.com/product/yoast-seo-wordpress/ -->
<title>Cover of Limbico&#039;s first album - Limbico - Illustration - PERI</title>
<meta name="description" content="Cover by Peri Helio for the first album by Límbico, the personal project that the musician from Vigo Iago Marta launched in 2021." />
<meta name="robots" content="index, follow, max-snippet:-1, max-image-preview:large, max-video-preview:-1" />
<link rel="canonical" href="https://perihelio.es/en/colaboraciones/cover-of-limbicos-first-album/" />
<meta property="og:locale" content="en_US" />
<meta property="og:type" content="article" />
<meta property="og:title" content="Cover of Limbico&#039;s first album - Limbico - Illustration - PERI" />
<meta property="og:description" content="Cover by Peri Helio for the first album by Límbico, the personal project that the musician from Vigo Iago Marta launched in 2021." />
<meta property="og:url" content="https://perihelio.es/en/colaboraciones/cover-of-limbicos-first-album/" />
<meta property="og:site_name" content="PERI" />
<meta property="article:modified_time" content="2022-12-22T10:32:16+00:00" />
<meta property="og:image" content="https://perihelio.es/wp-content/uploads/2022/11/IMG_20210512_194333_011.jpg" />
	<meta property="og:image:width" content="1830" />
	<meta property="og:image:height" content="1830" />
	<meta property="og:image:type" content="image/jpeg" />
<meta name="twitter:card" content="summary_large_image" />
<meta name="twitter:label1" content="Est. reading time" />
	<meta name="twitter:data1" content="1 minute" />
<script type="application/ld+json" class="yoast-schema-graph">{"@context":"https://schema.org","@graph":[{"@type":"WebPage","@id":"https://perihelio.es/en/colaboraciones/cover-of-limbicos-first-album/","url":"https://perihelio.es/en/colaboraciones/cover-of-limbicos-first-album/","name":"Cover of Limbico's first album - Limbico - Illustration - PERI","isPartOf":{"@id":"https://perihelio.es/#website"},"primaryImageOfPage":{"@id":"https://perihelio.es/en/colaboraciones/cover-of-limbicos-first-album/#primaryimage"},"image":{"@id":"https://perihelio.es/en/colaboraciones/cover-of-limbicos-first-album/#primaryimage"},"thumbnailUrl":"https://perihelio.es/wp-content/uploads/2022/11/IMG_20210512_194333_011.jpg","datePublished":"2022-11-21T11:12:53+00:00","dateModified":"2022-12-22T10:32:16+00:00","description":"Cover by Peri Helio for the first album by Límbico, the personal project that the musician from Vigo Iago Marta launched in 2021.","breadcrumb":{"@id":"https://perihelio.es/en/colaboraciones/cover-of-limbicos-first-album/#breadcrumb"},"inLanguage":"en-US","potentialAction":[{"@type":"ReadAction","target":["https://perihelio.es/en/colaboraciones/cover-of-limbicos-first-album/"]}]},{"@type":"ImageObject","inLanguage":"en-US","@id":"https://perihelio.es/en/colaboraciones/cover-of-limbicos-first-album/#primaryimage","url":"https://perihelio.es/wp-content/uploads/2022/11/IMG_20210512_194333_011.jpg","contentUrl":"https://perihelio.es/wp-content/uploads/2022/11/IMG_20210512_194333_011.jpg","width":1830,"height":1830},{"@type":"BreadcrumbList","@id":"https://perihelio.es/en/colaboraciones/cover-of-limbicos-first-album/#breadcrumb","itemListElement":[{"@type":"ListItem","position":1,"name":"Portada","item":"https://perihelio.es/en/"},{"@type":"ListItem","position":2,"name":"Cover of Limbico&#8217;s first album &#8211; Limbico"}]},{"@type":"WebSite","@id":"https://perihelio.es/#website","url":"https://perihelio.es/","name":"PERI","description":"Ilustración y Murales en Vigo","publisher":{"@id":"https://perihelio.es/#organization"},"potentialAction":[{"@type":"SearchAction","target":{"@type":"EntryPoint","urlTemplate":"https://perihelio.es/?s={search_term_string}"},"query-input":{"@type":"PropertyValueSpecification","valueRequired":true,"valueName":"search_term_string"}}],"inLanguage":"en-US"},{"@type":"Organization","@id":"https://perihelio.es/#organization","name":"PERI","url":"https://perihelio.es/","logo":{"@type":"ImageObject","inLanguage":"en-US","@id":"https://perihelio.es/#/schema/logo/image/","url":"https://perihelio.es/wp-content/uploads/2021/07/Logo-firma-Peri.jpg","contentUrl":"https://perihelio.es/wp-content/uploads/2021/07/Logo-firma-Peri.jpg","width":150,"height":487,"caption":"PERI"},"image":{"@id":"https://perihelio.es/#/schema/logo/image/"}}]}</script>
<!-- / Yoast SEO plugin. -->

Cover by Peri Helio for the first album by Límbico, the personal project that the musician from Vigo Iago Marta launched in 2021.

Ilustración y Murales en Vigo
